*(-1)/((-15)/48). Calculate the highest common factor of q and 24.
24
Let t = 13 - -67. Suppose -s = 5*h - t - 60, -2*h + 64 = 2*s. Calculate the greatest common factor of 27 and h.
27
Let v be 25/(-5) + -2 + 3. Let x be (-5055)/(-60) + (-3)/v. Calculate the highest common factor of x and 34.
17
Let c(l) = -5*l - 2. Let h be c(-14). Let u = -101 - -53. Let x = u + h. What is the greatest common divisor of 220 and x?
20
Let c(d) = d**3 - 12*d**2 + 6*d - 22. Let w = 83 + -71. Let n be c(w). Let k be 10/4*(0 + 4). What is the greatest common factor of k and n?
10
Let o = -1633 + 1660. What is the greatest common divisor of o and 117?
9
Let h be (-3)/(-4) - (-179)/(-4)*-3. What is the highest common factor of 60 and h?
15
Suppose 2*s = 33*z - 36*z + 319, s = 2. What is the highest common factor of 245 and z?
35
Suppose -3*g + t - 63 = -2*t, -27 = 2*g + 3*t. Let c(x) = x**3 + 17*x**2 - 27*x - 1. Let w be c(g). What is the greatest common divisor of w and 23?
23
Let z be -4 - -13*(-8)/(-4). Let o = 48 - z. Suppose 2*w + 3*r = -r + o, w - r = 7. What is the greatest common factor of w and 81?
9
Let f = -28 + 26. Let b(i) = 2*i**2 + 1. Let w be b(f). Calculate the greatest common divisor of 63 and w.
9
Suppose -8*c - 4*b - 10 = -3*c, -2*c = 2*b + 6. Suppose 6*t - 64 = c*t. Calculate the highest common factor of t and 24.
8
Let f be ((-39)/(-117))/(2/810). What is the greatest common factor of 315 and f?
45
Let g = -1 - -2. Let s(r) = -2*r**3 + 2*r**2 + 11*r. Let w be s(4). Let b = 60 + w. What is the highest common factor of b and g?
1
Suppose 2*t + 3*t = 3*q - 68, 3*q = -2*t + 40. Let v be (-24)/q + (-47)/(-2). What is the greatest common factor of v and 55?
11
Let t(y) = -2*y**2 - 55*y + 39. Let d be t(-24). Calculate the highest common factor of d and 115.
23
Suppose -5*t + f + 1043 = 4*f, 2*f = -t + 210. What is the greatest common factor of 156 and t?
52
Let j(p) = p**2 + 3*p + 2. Let w be j(5). Suppose u - 4*a = w, -u + 2*a - 54 = -2*u. Let d = 898 + -773. What is the greatest common factor of d and u?
25
Suppose 2*b + 3*h + 1 = -2, 24 = 4*b - 4*h. Suppose b*v + v = 12. What is the greatest common divisor of 57 and v?
3
Suppose -41*a + 3200 = -a. Let i(h) = h**3 + 6*h**2 - 2*h - 2. Let l be i(-6). What is the highest common factor of a and l?
10
Let o be 12/(-6) + 2*10/4. Suppose g = -o*m + 140, 3*g + 102 = 2*m + 16. Calculate the highest common divisor of m and 23.
23
Let k(s) = -s**3 - 3*s**2 + 3*s. Let i be k(-4). Suppose 0 = -i*t + 6 + 2. Calculate the greatest common divisor of 14 and t.
2
Suppose -145 = -3*u - 580. Let g = 306 + u. What is the highest common divisor of g and 23?
23
Let m be (-21 - -1)/(25/(150/(-4))). Calculate the greatest common factor of m and 90.
30
Let i(j) = 4*j + 114. Let m be i(-24). Calculate the greatest common divisor of 102 and m.
6
Let n = -291 - -195. Let f = 437 + n. Calculate the highest common factor of 31 and f.
31
Let u = 67 - 108. Let j = -28 - u. Calculate the greatest common factor of j and 13.
13
Suppose -4*t + 272 = 4*a, 9 = -5*t + 29. Let o = -63 + a. Calculate the greatest common divisor of 7 and o.
1
Let d be (-6*(6 + -5) - -73) + -1. Calculate the highest common factor of 561 and d.
33
Suppose -6*l = -95 - 205. Let w be (0 + (-9)/15)*-15. Let v(p) = p + 1. Let n be v(w). Calculate the greatest common divisor of l and n.
10
Let d = 45 + -45. Suppose -2*v - f + 370 = d, -v + 3*v - 4*f = 360. Calculate the greatest common divisor of v and 8.
8
Let z(j) = 101*j - 81. Let k be z(1). Calculate the greatest common divisor of k and 65.
5
Let f(o) = o**3 - 5*o**2 - o - 5. Let v be f(5). Let q = -19 - v. Let k be -1*3/q*9. What is the highest common factor of k and 33?
3
Suppose 3*u - 4*j - 19 = 0, 33*j = u + 30*j - 3. Calculate the highest common divisor of u and 315.
9
Suppose -4*z + 1588 = 52. Suppose -2*n + 16 + 149 = 3*t, -5*n + z = -2*t. What is the greatest common factor of n and 13?
13
Suppose 2*m - 2 = -4*p, 3*m - p = 3*p + 33. Suppose 4*d + 96 = m*d. Calculate the greatest common divisor of 8 and d.
8
Suppose -59*u = -57*u - 190. What is the greatest common divisor of u and 247?
19
Suppose 51 + 121 = 2*d. Let u be (-508 - -115)/(-3*2/4). Suppose -w + u = d. What is the highest common factor of w and 22?
22
Let y = -19 - -34. Let o = y + -11. Suppose 0 = -c - o*c + 25. Calculate the greatest common factor of 45 and c.
5
Suppose 287*n - 252 = 266*n. What is the greatest common divisor of n and 40?
4
Let m(b) = -69*b**3 + b**2. Let f be m(-1). Suppose 0 = -4*i - 4*h + 20, 4*i = -h - 0*h + 35. What is the highest common divisor of f and i?
10
Suppose 4*v = v + 4*x - 14, v + 22 = -3*x. Let d = v + 17. Let a(s) = 8*s + 14. Let z be a(d). Calculate the greatest common divisor of z and 28.
14
Suppose -9 = -s - 5*l + 2, 3*l = 2*s - 74. Calculate the highest common divisor of s and 775.
31
Suppose 4*i - 42 = 6*q + 16, 2*i - 2*q = 34. Calculate the highest common factor of 12 and i.
2
Let n(a) = 6*a**2 - 4*a + 20 - 3*a - 2*a**2 - 4. Let y be n(-16). Let i be (10/(-8))/((-9)/y). Calculate the greatest common factor of 20 and i.
20
Let c = 829 + -780. Calculate the highest common factor of 84 and c.
7
Suppose 0*y - 402 = -6*y. Let b = y - 57. Let a = 26 + -6. Calculate the greatest common divisor of a and b.
10
Suppose -11 + 13 = p. Let n(z) = 3*z**p + 11*z - 4*z**2 - 4*z - 5. Let d be n(3). Calculate the greatest common divisor of 35 and d.
7
Let w(l) = -7*l + 3. Let d be w(-2). Let c = 37 - d. Calculate the highest common factor of c and 20.
20
Let m = 205 + -153. What is the greatest common divisor of 16 and m?
4
Suppose -5*t - 2*v = -10075, -t + 21*v + 2018 = 22*v. What is the greatest common factor of 33 and t?
33
Let u = 62 + -46. Let o(h) = h**3 + 4*h**2 + h - 2. Let d be o(-3). What is the highest common factor of u and d?
4
Let f(j) = 2*j + 18. Let d be f(-9). Suppose d*l - 108 = -4*l. Calculate the highest common factor of l and 135.
27
Let b(i) = i**3 + 7*i**2 + 6*i. Suppose 6*f - 24 = 10*f. Let u be b(f). Let k = u + 9. What is the greatest common factor of k and 3?
3
Let o be (-52)/2*(-1)/2. Let y(f) = f**3 + 2*f**2 + 3*f + 2. Let v be y(-2). Let g be 8*(-2)/v - -113. Calculate the highest common factor of o and g.
13
Suppose 3 - 35 = -4*x. Suppose 5*g - x = 2, -5*f + 19 = -3*g. Suppose -2*q = -f*q, 3*l = 4*q + 54. What is the highest common factor of l and 27?
9
Let b = -312 + 328. Calculate the greatest common divisor of b and 36.
4
Let d be ((-18)/(-5))/(84/1120). Calculate the highest common divisor of d and 3.
3
Let a be 16/(-48) + 122/6. What is the highest common factor of a and 410?
10
Let t = 629 - 623. What is the greatest common factor of t and 14?
2
Let d be (-8)/10*-5*1 + 12. Calculate the greatest common factor of 88 and d.
8
Suppose -477 + 1541 = 4*u. Calculate the greatest common factor of 114 and u.
38
Let p = 5 + 0. Let h be (-1590)/(-25) - (-2)/p. Suppose 6*c - 8*c + u + 33 = 0, -4*u - 36 = -2*c. What is the highest common divisor of c and h?
16
Let g be (-648)/(-504) - (-192)/14. What is the highest common factor of 615 and g?
15
Let m(q) = -29*q - 89. Let x be m(-4). Suppose 7*a = 6*a + 9. Calculate the greatest common factor of x and a.
9
Let u be (-2090)/(-57)*(7 + 2). What is the highest common factor of u and 60?
30
Let n be 16/(-40) - 534/(-10). Let b = 78 - n. Calculate the greatest common divisor of 5 and b.
5
Suppose 0 = -5*v + v + 528. Suppose -v = -3*a - t, -5*a + 195 = -a - 5*t. What is the highest common divisor of 18 and a?
9
Suppose -28 = -3*s - 2*c, s - 6 = 2*c - c. Suppose 0 = -6*i - 2 + s. What is the highest common divisor of i and 4?
1
Let a = 285 - 159. Let h = -66 + a. What is the greatest common divisor of 45 and h?
15
Let o = 236 - -140. Let b = o + -221. What is the highest common divisor of 62 and b?
31
Let o(x) = 66*x + 29. Let c be o(1). Calculate the greatest common divisor of c and 209.
19
Suppose -247 = -h + 171. What is the highest common divisor of 22 and h?
22
Suppose 2*k + y = 196, 3*k - 4*y + 6*y - 296 = 0. Suppose -5*h + 202 + k = 3*z, 3*z - 292 = -2*h. What is the greatest common divisor of z and 12?
12
Let q be 4/8*14*-17. Let m be 14*-1*q/34. What is the highest common factor of m and 7?
7
Let m(r) = 15*r**2 - 2*r + 4. Let d be m(2